the greatest common factor of b and 165?
11
Let h(j) = 5*j**3 + 5*j**2 - 50*j + 74. Let r be h(6). Calculate the highest common divisor of r and 846.
94
Suppose 0 = -7*u + 3 + 242. Suppose 9*m - 1129 = -274. Calculate the highest common factor of m and u.
5
Suppose -6*v - 309 - 87 = -28*v. Suppose 0 = 5*r - n - 63, -4*r = -4*n - 2 - 58. Calculate the highest common divisor of r and v.
6
Let p = -10 - -41. Let v = p + -10. Let n be -2*(-5 + 17/2)*-2. What is the greatest common factor of n and v?
7
Let s(c) = 297*c - 4746. Let i be s(16). Suppose 0*d - 4*o - 104 = -d, 3*o - 111 = -d. What is the highest common factor of i and d?
6
Let j(r) = 2*r**3 - 6*r**2 + 28*r - 11. Let d be j(5). Let t = 236 + d. Calculate the greatest common factor of t and 30.
15
Suppose -4*w = 12, 3*w + 2*w = 2*x - 413. Suppose 3*a + x = 1354. Calculate the highest common factor of a and 35.
35
Suppose 38 = 2*v - r, 3*v - 90318 + 90261 = -3*r. Suppose -l + 22 = 5*t - 272, -l + 306 = -t. Calculate the greatest common factor of l and v.
19
Let r = 6837 - 6789. What is the greatest common factor of 10128 and r?
48
Let j = 126 + -212. Let u = j - -88. Suppose -g = -2*g + 16. Calculate the highest common divisor of u and g.
2
Suppose -5*y + 11*y = 12. Suppose 0 = -y*q + 347 + 101. Let i(t) = 2*t**2 + 9*t + 10. Let a be i(-6). What is the highest common divisor of a and q?
28
Let m be 5/3*(1 + (-3 + -1)/(-2)). Calculate the greatest common factor of 1735 and m.
5
Suppose -141*d = -319*d + 1367040. What is the greatest common divisor of d and 210?
30
Let p(x) = 97*x**2 + 2*x - 3. Let i(o) = 2*o - 23. Let j be i(12). Let n be p(j). Suppose k - n = -16. Calculate the greatest common divisor of k and 10.
10
Suppose -51 = -42*m + 41*m + 3*y, 0 = -5*m - 5*y + 235. What is the highest common factor of m and 13488?
48
Suppose 6*m - 212 - 4354 = 0. Suppose 0 = -10*o + m + 2389. Calculate the greatest common divisor of o and 45.
45
Let b(w) = w**3 - 69*w**2 - 291*w - 37. Let c be b(73). What is the greatest common factor of 492 and c?
12
Let t = 13498 - 12950. Calculate the highest common factor of 20 and t.
4
Let r = -5225 + 5965. What is the highest common factor of 180 and r?
20
Let i(z) = -3*z**2 - 249*z + 14. Let n be i(-82). What is the greatest common divisor of 3250 and n?
130
Let a = 742 - -3150. What is the greatest common factor of 139 and a?
139
Let p = -118 - -127. Suppose -3*h - 3*q + 6 = -9, -5*q = -h - 13. Suppose 0 = 6*v + h*v - 216. What is the highest common divisor of p and v?
9
Suppose 0*m = -7*m + 588. Suppose -t - 2*k = -66, -3*k = t + 17 - m. Let s = -24 - -40. What is the greatest common divisor of t and s?
16
Let o = 5097 - 4980. Calculate the highest common divisor of o and 12519.
117
Let c = -3499 + 3508. Suppose 2*a - 38 = 6. Suppose 0 = 4*f + a - 70. What is the greatest common divisor of c and f?
3
Let j be 36463/49 + (-1)/7. Suppose -n = 2*n + 3*v - j, 3*n + 4*v - 744 = 0. What is the highest common factor of n and 62?
62
Suppose 52*d - 20*d = 9*d + 2001. What is the greatest common divisor of d and 276?
3
Suppose 3*u - 26 = 10*y - 14*y, 3*u - 4*y - 34 = 0. What is the greatest common factor of u and 65?
5
Let k(z) = -z + 12. Let a be k(0). Let h be -1*5*(-15 + 12). Calculate the greatest common factor of a and h.
3
Let y be (-2)/(-28) - 105222/(-1596). What is the highest common divisor of y and 374?
22
Let x = -13035 - -13871. What is the greatest common factor of 704 and x?
44
Let y(f) = 6*f**3 - 13*f**2 - 93*f + 276. Let m be y(3). What is the greatest common divisor of 189 and m?
21
Let b(q) = 15*q**2 + 117*q + 6. Let o be b(-10). What is the greatest common divisor of 216 and o?
24
Suppose 4*i + 70 = -3*s + 8*s, -25 = -5*s - 5*i. Let q = 5 - -3. Calculate the greatest common factor of q and s.
2
Let j be (-6)/4*9*-4. Let d(l) = -4*l + 84. Let x be d(20). Let c be 870/45 + x/(-3). What is the highest common divisor of c and j?
18
Suppose -2*f = -6, -6*p + 627 = -3*p + 2*f. Suppose 184 = r - p. Calculate the greatest common divisor of 17 and r.
17
Suppose 0 = 98*z - 193*z - 202*z + 24354. Calculate the highest common factor of z and 64.
2
Let p = 1781 - 1677. Calculate the highest common factor of 4888 and p.
104
Suppose -5*k + 2*l = -459, 2*l + 100 - 13 = k. Suppose -2685 = -55*y - 212*y + 5592. What is the greatest common factor of k and y?
31
Let z(o) = o**3 + 2*o**2 - o - 12. Let j be z(5). Suppose -j*h - 1302 = -160*h. Calculate the highest common divisor of h and 21.
21
Let l = 274 - 175. Suppose -104*u + l*u = -70. Calculate the greatest common divisor of 378 and u.
14
Let j be (-2)/(-2) + 438/2. Suppose 17*b - 550 = 7*b. Suppose 5*a - b = -3*k, 3*k + k - 3*a - 83 = 0. What is the greatest common factor of j and k?
20
Let q = -16308 - -21978. Calculate the highest common divisor of q and 210.
210
Let h = 81 - 401. Let k = 345 + h. Calculate the highest common divisor of 400 and k.
25
Let w(h) = h**2 + 51*h - 920. Let b be w(19). What is the highest common divisor of b and 120?
10
Let c(o) = -2*o**2 - 76*o - 183. Let q be c(-35). Calculate the greatest common factor of q and 3807.
27
Suppose 0 = -5644*x + 5612*x + 2400. What is the highest common factor of x and 2400?
75
Suppose 347*f - 383*f + 15552 = 0. What is the highest common divisor of f and 96?
48
Let v = -7930 - -8302. Calculate the highest common factor of 240 and v.
12
Let z = -409 + 290. Let n = -119 - z. Suppose n = 64*b - 63*b - 20. What is the greatest common divisor of b and 8?
4
Let l(g) = -22*g - 126. Suppose -6*i = 46 + 32. Let j be l(i). What is the greatest common factor of 30 and j?
10
Suppose -u + 6*u = -10, -4*y = -2*u - 260. Let t = 67 - y. Suppose t*g + 167 = 959. What is the highest common divisor of 24 and g?
24
Let u be 3633/(-9) + -9 + (-92)/(-12). Let c = 412 + u. What is the greatest common divisor of 14 and c?
7
Suppose 41*c - 1223 = 212. Let u = 103 - 96. What is the highest common factor of c and u?
7
Suppose 0 = 11289*x - 11299*x + 27470. Calculate the greatest common factor of x and 164.
41
Suppose 3*g - 108 = -5*x, -7*g + 18*x + 160 = -8*g. Let c(m) = 23*m**2 - 5*m + 4. Let h be c(3). Calculate the greatest common factor of h and g.
28
Let i = -142 - 12. Let p = i - -187. What is the greatest common factor of 22 and p?
11
Let q be 1*1*34/2 - -10. What is the greatest common divisor of q and 639?
9
Let w(t) = -517*t**3 + 20 - 9*t**2 + 7*t + 260*t**3 + 258*t**3. Let a be w(8). What is the highest common factor of a and 6?
6
Let t be 15/40 + ((-1)/((-392)/10045) - 1*12). Let q = -1227 - -2725. Calculate the greatest common divisor of t and q.
14
Let f(q) = -q**3 - 2*q**2 - 20*q - 224. Let x be f(-12). Calculate the greatest common divisor of x and 5369.
91
Suppose b + 2*t - 6 = 0, 4*t = 3*b + 1 + 1. Suppose 3*g + 100 = 256. What is the greatest common factor of b and g?
2
Let s(f) = 15*f - 132. Let t be s(9). Suppose 0 = 3*k - 3, q + k - 9 = -t*q. Calculate the greatest common factor of 8 and q.
2
Let t = -57 - -60. Suppose t*p = 8*p - 20. Let h be 1/((-3)/p*(-12)/18). What is the highest common divisor of h and 16?
2
Let m be (-25)/100 + 938/8. Let i be 3 + 0 - m/(-9). What is the highest common divisor of i and 4?
4
Let t(p) = -p**3 + 6*p**2 + 2*p + 5. Let h be t(5). Let o be 60/(7 - -8) - (-11 - 1). Let q = h - o. Calculate the highest common factor of q and 3.
3
Suppose -s + b + 16 = -3*b, -5*b - 9 = -4*s. Let k be 0 + s + 1 + (-9 - -20). Suppose 0 = -5*l - 0*l + 40. What is the greatest common factor of l and k?
8
Let d(v) = 2*v**2 - 21*v + 28. Let y(u) = -u**2 - u. Let j(x) = -d(x) - y(x). Let k be j(18). What is the greatest common factor of 33 and k?
11
Let w(t) = -t**3 - 3*t**2 + 3*t + 1. Let j be w(-4). Suppose -x + 4 = -j. Let c(y) = 6*y + 12. Let u be c(x). What is the greatest common divisor of u and 22?
22
Suppose 20*w + 4720 = 25*w. Suppose -2*t + 4*v - w = -7*t, -v - 4 = 0. Suppose 4*s - 800 = -t. Calculate the highest common factor of s and 19.
19
Suppose 48 = 17*h + 14. Suppose 0 = 4*p + h*w - 54 + 8, 0 = -p + 4*w + 16. Suppose -7*i + 730 = 58. Calculate the greatest common divisor of i and p.
12
Let n be 799*(4/4)/1. Let d = 1560 - 1513. What is the greatest common factor of n and d?
47
Let m be 8/(-12) - 55/(-15). Let b = m - 3. Let p 